93?
57
What is the remainder when 49979 is divided by 2843?
1648
Calculate the remainder when 5956139 is divided by 564.
299
Calculate the remainder when 16611449 is divided by 402.
5
Calculate the remainder when 35117625 is divided by 5852937.
3
What is the remainder when 34035874 is divided by 774?
772
What is the remainder when 3004356 is divided by 42?
12
Calculate the remainder when 512186 is divided by 9479.
320
What is the remainder when 784355 is divided by 18239?
78
Calculate the remainder when 19043 is divided by 2696.
171
What is the remainder when 14577073 is divided by 7288521?
31
What is the remainder when 46384 is divided by 371?
9
Calculate the remainder when 554176704 is divided by 3239.
3238
Calculate the remainder when 129021 is divided by 1766.
103
What is the remainder when 1968633 is divided by 36456?
9
What is the remainder when 103391 is divided by 827?
16
Calculate the remainder when 668420 is divided by 333671.
1078
Calculate the remainder when 126762561 is divided by 170.
21
Calculate the remainder when 922192 is divided by 31764.
1036
Calculate the remainder when 535878 is divided by 259.
7
What is the remainder when 90180 is divided by 110?
90
Calculate the remainder when 6961325 is divided by 3802.
3665
Calculate the remainder when 93806922 is divided by 7.
6
What is the remainder when 1374495 is divided by 212?
99
Calculate the remainder when 404186 is divided by 11194.
1202
Calculate the remainder when 6692922 is divided by 21383.
43
Calculate the remainder when 3237 is divided by 3008.
229
What is the remainder when 818376 is divided by 48108?
540
Calculate the remainder when 2423797 is divided by 26062.
31
What is the remainder when 1619092 is divided by 286?
46
What is the remainder when 297354 is divided by 2780?
2674
Calculate the remainder when 94164 is divided by 89447.
4717
What is the remainder when 377614 is divided by 521?
410
Calculate the remainder when 237071 is divided by 814.
197
What is the remainder when 4822992 is divided by 192912?
192
Calculate the remainder when 1115193 is divided by 278737.
245
Calculate the remainder when 592271 is divided by 98669.
257
What is the remainder when 69471107 is divided by 1134?
1133
Calculate the remainder when 1124057 is divided by 188.
5
Calculate the remainder when 91710742 is divided by 743.
23
What is the remainder when 952625 is divided by 110?
25
What is the remainder when 44441338 is divided by 614?
18
What is the remainder when 34752039 is divided by 34752029?
10
Calculate the remainder when 2728050 is divided by 1399.
0
Calculate the remainder when 2363720 is divided by 613.
605
What is the remainder when 2686027 is divided by 95929?
15
Calculate the remainder when 1215776 is divided by 380.
156
What is the remainder when 92875 is divided by 8442?
13
Calculate the remainder when 95761 is divided by 1277.
1263
Calculate the remainder when 1180781 is divided by 130.
121
Calculate the remainder when 303893741 is divided by 46.
31
Calculate the remainder when 23819042 is divided by 40032.
2
Calculate the remainder when 24356 is divided by 3487.
3434
Calculate the remainder when 15900210 is divided by 69.
57
What is the remainder when 979784 is divided by 39?
26
What is the remainder when 1262329 is divided by 848?
505
What is the remainder when 33282 is divided by 8223?
390
Calculate the remainder when 38834271 is divided by 403.
385
What is the remainder when 448202 is divided by 114?
68
Calculate the remainder when 17710957 is divided by 431974.
23
What is the remainder when 127625 is divided by 276?
113
What is the remainder when 454190 is divided by 396?
374
What is the remainder when 8595597 is divided by 121?
120
Calculate the remainder when 34337644 is divided by 2478.
2476
Calculate the remainder when 148745 is divided by 24754.
221
Calculate the remainder when 1942126 is divided by 1306.
104
Calculate the remainder when 46333 is divided by 903.
280
Calculate the remainder when 345182 is divided by 7191.
14
Calculate the remainder when 362409 is divided by 72471.
54
What is the remainder when 4144242 is divided by 2069?
35
What is the remainder when 86438 is divided by 28736?
230
Calculate the remainder when 4762746 is divided by 57.
54
What is the remainder when 33674 is divided by 11018?
620
What is the remainder when 3775461 is divided by 462?
459
Calculate the remainder when 12203728 is divided by 77.
75
What is the remainder when 111887 is divided by 37194?
305
Calculate the remainder when 29066699 is divided by 145.
144
Calculate the remainder when 6132970 is divided by 37.
35
What is the remainder when 133551963 is divided by 947177?
6
What is the remainder when 5298982 is divided by 85?
82
Calculate the remainder when 69793445 is divided by 15.
5
What is the remainder when 233867689 is divided by 153?
151
Calculate the remainder when 11347119 is divided by 703.
699
Calculate the remainder when 5423505 is divided by 3667.
12
What is the remainder when 2714359 is divided by 5888?
5879
Calculate the remainder when 495614 is divided by 2273.
100
Calculate the remainder when 2684919 is divided by 8338.
83
What is the remainder when 2785183 is divided by 348117?
247
Calculate the remainder when 42050 is divided by 2384.
1522
Calculate the remainder when 1139333 is divided by 29183.
1196
What is the remainder when 582556733 is divided by 2595?
2588
What is the remainder when 8489276 is divided by 38413?
3
What is the remainder when 1930024 is divided by 187?
184
Calculate the remainder when 22960634 is divided by 5785.
5754
What is the remainder when 132062605 is divided by 31?
1
What is the remainder when 639275 is divided by 24585?
65
What is the remainder when 259374 is divided by 623?
206
What is the remainder when 22890 is divided by 824?
642
Calculate the remainder when 1532375 is divided by 766004.
367
Calculate the remainder when 12313634 is divided by 1759067.
165
What is the remainder when 26734032 is divided by 568809?
9
Calculate the remainder when 139690 is divided by 42.
40
What is the remainder when 5007797 is divided by 40?
37
Calculate the remainder when 2654863 is divided by 16287.
82
What is the remainder when 48613 is divided by 24202?
209
What is the remainder when 1693125 is divided by 46?
3
What is the remainder when 155753 is divided by 592?
57
Calculate the remainder when 33516843 is divided by 441011.
7
What is the remainder when 5380823 is divided by 109?
38
What is the remainder when 20398 is divided by 42?
28
Calculate the remainder when 1338721 is divided by 76.
57
What is the remainder when 302340 is divided by 74394?
4764
Calculate the remainder when 4325 is divided by 4204.
121
Calculate the remainder when 54525058 is divided by 9.
7
Calculate the remainder when 198916458 is divided by 66.
48
Calculate the remainder when 9109926 is divided by 1322.
24
What is the remainder when 978400 is divided by 4659?
10
What is the remainder when 1240158 is divided by 409?
70
Calculate the remainder when 8134922 is divided by 3232.
3210
Calculate the remainder when 28452874 is divided by 1911.
1906
Calculate the remainder when 3569779 is divided by 174.
169
What is the remainder when 13041508 is divided by 27986?
32
What is the remainder when 701881 is divided by 1051?
864
What is the remainder when 8559866 is divided by 519?
518
What is the remainder when 1316523 is divided by 424?
3
Calculate the remainder when 593137 is divided by 296468.
201
Calculate the remainder when 27186 is divided by 1075.
311
What is the remainder when 50034429 is divided by 336?
333
What is the remainder when 5049353 is divided by 1682?
1671
What is the remainder when 402384 is divided by 604?
120
What is the remainder when 329014015 is divided by 32?
31
What is the remainder when 18102 is divided by 8423?
1256
Calculate the remainder when 1234286 is divided by 1234234.
52
Calculate the remainder when 14978608 is divided by 4807.
4803
Calculate the remainder when 12370576 is divided by 47.
35
What is the remainder when 1248846 is divided by 178400?
46
What is the remainder when 428794129 is divided by 142931372?
13
What is the remainder when 1712083 is divided by 334?
333
What is the remainder when 33543270 is divided by 1677163?
10
Calcula